se y*a + 1145 = 5*x, -5*x + 0*a = a - 1170. What is the hundreds digit of x?
2
Suppose f - 372 = 2*v - 97, 0 = -2*v + 3*f - 265. Let k = 245 + v. What is the tens digit of k?
0
Let x(i) = -i**2 + 4*i + 7. Let q be x(5). Suppose -5*n - 3*j = j - 298, 0 = -5*n + q*j + 316. What is the tens digit of n?
6
What is the hundreds digit of 15/(-18) + (135909/54 - -4)?
5
Suppose -59 = 3*d - 4*d. What is the tens digit of d?
5
Let n = 530 + 609. What is the units digit of n?
9
Suppose -3*u = -3*b - 405, -5*u + 3*b + 643 + 36 = 0. What is the tens digit of u?
3
Let b(j) = -15*j - 69. What is the tens digit of b(-8)?
5
Let t(u) be the first derivative of u**2 + 42*u - 25. What is the units digit of t(16)?
4
Suppose 3*q = -5*m - 146, -3*m + 37 = 4*q + 118. Let z = -10 - m. What is the units digit of 7/z + 40/6?
7
Suppose 894*p - 14420 = 889*p. What is the units digit of p?
4
Let z = -30 - -38. What is the tens digit of (-314)/(-5) + z/(-10)?
6
What is the tens digit of (-1 - -5952) + 689/(-53)?
3
Suppose -5*b + 2246 = 2*m - 249, 998 = 2*b - 3*m. Let h = b - 273. What is the hundreds digit of h?
2
Suppose 0 = -3*u + 3 + 3. Suppose -3*k = -5*c + 313, c - 3*k = u*k + 67. What is the units digit of c?
2
Let z = 5772 - 1335. What is the units digit of z?
7
Let f be 4/(-18) - 94/(-18). Suppose 5*l = f*d, -d = l - 1 - 9. Suppose -j = l - 54. What is the tens digit of j?
4
What is the tens digit of -130*1*(-5)/10?
6
Suppose 5*j - 67 + 32 = 0. Suppose -j = -4*h + 413. What is the tens digit of h?
0
Let w be 270/72 - (-6)/(-8). Suppose 5*o + 163 = 4*v + 8, w*v - 115 = 4*o. What is the units digit of v?
5
Let x = 494 + 150. What is the units digit of x?
4
Let p(g) = -152*g + 15. What is the hundreds digit of p(-3)?
4
Let s(v) = 3*v**3 + 12*v**2 - 7*v + 21. Let k(h) = 4*h**3 + 11*h**2 - 7*h + 22. Let y(i) = -4*k(i) + 5*s(i). What is the units digit of y(15)?
7
Suppose -1016 = 2*n - 5*n - 4*p, -3*p + 342 = n. Suppose -k + 5*m + 66 = 0, 0 = 4*k - 0*k + 4*m - n. What is the units digit of k?
1
Let r(k) be the second derivative of 4*k**4/3 + k**3/3 - k**2/2 - 2*k. What is the tens digit of r(-2)?
5
Suppose -2*i = -3*i - 3*u - 340, -i - 4*u = 343. Let h be 2/(-6)*(i - 2). Suppose 5*y - h + 6 = 0. What is the units digit of y?
1
Let k(n) = -n**3 + 12*n**2 + 15*n. Let z(s) = -3*s**3 + 35*s**2 + 44*s - 1. Let j(m) = -17*k(m) + 6*z(m). What is the units digit of j(7)?
8
Let m = -8 + 9. Let j = m - -10. What is the units digit of j?
1
Suppose 15 = -5*l, s + 4*l - 102 = 82. Let j = s + -127. What is the tens digit of j?
6
Let i(q) = 0 + 3 + 2*q - 1 - 3*q. Let l(v) = -1. Let r(u) = i(u) - 3*l(u). What is the units digit of r(-8)?
3
What is the tens digit of 4 + 6/(-10) + 16128/105?
5
Suppose -3*o + 778 = 4*g, 3*o = g + 7*o - 201. Let p = g - 51. What is the tens digit of p?
4
Suppose 70*i = 62*i + 25768. What is the thousands digit of i?
3
Suppose 15 = -3*z - 9. What is the tens digit of 81 + (-3 - (z + 1))?
8
What is the hundreds digit of 0 + 1/5 + 23856/20?
1
Suppose j + 4*c = 3*j - 1024, 3*j = -5*c + 1591. What is the units digit of j?
2
Let l = -1894 + 3830. What is the tens digit of l?
3
Let f = 1 - 7. Let n be 57/f - 2/4. Let b(q) = q**3 + 9*q**2 - 11*q - 1. What is the units digit of b(n)?
9
Let m = -1838 + 3375. What is the units digit of m?
7
Let i(a) = a**3 - a**2 - a + 1. Let d(b) = 5*b**3 + 4*b**2 - 4*b + 4. Let f(c) = d(c) - 6*i(c). What is the hundreds digit of f(8)?
1
Let m = 10 + -6. Suppose 3*h + q + 2*q = 444, m*h - 4*q = 592. Suppose -z + 37 = k + z, 4*k - 3*z - h = 0. What is the tens digit of k?
3
Suppose c + 4 - 10 = 0. Suppose -5*u = 2*s, -c*s + 5*u = -2*s - 60. What is the tens digit of s?
1
Let d(x) = 7*x**3 - 17*x**2 + 18*x + 22. Let p(t) = 4*t**3 - 8*t**2 + 9*t + 11. Let v(j) = 3*d(j) - 5*p(j). What is the units digit of v(10)?
1
What is the tens digit of ((-464)/(-3) - -17)/(2/36)?
9
Suppose 0 = 2*h - 4 - 2. Suppose x - 5 = h. What is the units digit of 2/x - 415/(-20)?
1
Suppose 143*f - 132*f - 45397 = 0. What is the units digit of f?
7
Let m(q) = -3*q - 14. Let z(r) be the second derivative of r**5/20 - 5*r**4/12 + r**3/6 + 3*r**2/2 + 4*r. Let s be z(3). What is the units digit of m(s)?
2
Let g be ((-12)/15)/(3/(-180)). Suppose 0*u = f + 2*u - g, 3*f = -2*u + 160. What is the tens digit of f?
5
Suppose 104*y - 89*y = 40245. What is the thousands digit of y?
2
Let u(y) be the first derivative of -y**2/2 - 2*y + 7. Let c be u(-4). Suppose 6 = 3*a - c*a. What is the units digit of a?
6
Suppose 0 = 2*l - 3*y - 6579, 2*y - 3547 = -l - 261. What is the tens digit of l?
8
Let d(c) = -1. Let m(p) = 4*p + 10. Let f(y) = -6*d(y) - m(y). Suppose -4*u - 22 = 5*w, -u + 6 = 2*u. What is the units digit of f(w)?
0
Suppose -4*w = 4*t - 2190 - 886, 3*t - 1535 = -2*w. What is the tens digit of w?
7
Suppose -3*u = -0*q - q - 14, 8 = u + 3*q. Let h be (33 - -1)*2 - 2. Suppose -h = -u*c + 24. What is the units digit of c?
8
Let d(w) = -w**2 + 11*w - 9. Suppose 2*i + 3*f = 29, i = -3*i + 5*f + 3. Let s be d(i). Suppose -s = -a + 4. What is the tens digit of a?
2
What is the units digit of ((-84)/5)/(-9 - 531/(-60))?
2
Let t(r) = -2*r - 12. Let h(y) = -y**3 - 6*y**2 - 7*y - 5. Let x be h(-5). Let m be ((-6)/5)/(x/50). What is the tens digit of t(m)?
1
Let s be 3 + 15/(-12) + (-1)/(-4). What is the tens digit of 1 + -3 + (27 - (s - 2))?
2
Let s be ((-204)/(-85))/((-1)/(-5)). Let m be (4 - 1)*s/(-9). What is the units digit of ((-66)/3)/(m/6)?
3
Let j be -3*(-2)/12*22. Let n = j - -19. Suppose -5*h - n = -7*h. What is the units digit of h?
5
Suppose z = 3*z + w - 385, -5*z = -4*w - 956. Let n = -132 + z. What is the units digit of n?
0
Suppose 0 = 3*f + 3*k - 2634, -1023 = -f + 5*k - 145. What is the tens digit of f?
7
Let f(y) = 4*y**3 - 2*y**2 - 2*y + 2. Let p be 2/(-8) - 63/(-28). Let o be f(p). Suppose 24 = 2*k - o. What is the tens digit of k?
2
Let h(f) = -140*f**2 + 10*f - 5. Let i(y) = -140*y**2 + 9*y - 5. Let o(l) = 4*h(l) - 5*i(l). What is the hundreds digit of o(1)?
1
Suppose 5*y = b + 6*y - 26, -2*b - 4*y = -52. What is the hundreds digit of 118 + 3/(-4 + b/8)?
1
Suppose -3*q + 22 = p, 2*p - p = -2. Suppose 4*o - q*o = -244. What is the units digit of o?
1
Suppose 2*a - 21 = -9. Suppose 246 = a*s - 0*s. What is the tens digit of s?
4
Suppose 57*c + 13996 - 145552 = 0. What is the thousands digit of c?
2
Suppose 0 = 5*c + 3*r - 575 + 12, -2*c + 2*r = -238. What is the tens digit of c?
1
Let n = -35 + 36. Let p(q) = 131*q**2 + 3*q - 2. What is the hundreds digit of p(n)?
1
Let p(v) = 7*v + 638. What is the tens digit of p(0)?
3
Suppose 135 = 6*t - t. Suppose 0*m = 3*m + 42. Let j = t + m. What is the tens digit of j?
1
Let w = 7 - 0. Let y be (-3 - 65/(-25)) + (-34)/(-10). Suppose -y*d + w = 4. What is the units digit of d?
1
Let l(f) = -f**2 - 71*f - 13. What is the units digit of l(-56)?
7
Let y be -1*(-1 + (5 - 3)). Let q be (y - -1)/(-12 - -14). Suppose 5*t + 2*f + 0*f = q, 0 = -t + 2*f + 12. What is the units digit of t?
2
Suppose z = 4*z - 42. Suppose 2*l + 15 = -3*l + 3*k, -l - 4*k = 3. Let a = z - l. What is the tens digit of a?
1
Let c(o) = o**2 + 8*o + 8. Let z be c(-7). What is the tens digit of 114*(-4)/(-6)*z?
7
Suppose -5124 - 1455 = -9*z. What is the hundreds digit of z?
7
Let t be ((-4)/(-10))/(0 - (-2)/2640). Suppose 0 = 9*j - 13*j + t. What is the hundreds digit of j?
1
Let b = -29 - -11. Let y be (-2 - -2) + 2 + -6. What is the tens digit of 728/36 - y/b?
2
Suppose 1498 - 67 = 3*h. Suppose j + 1 = 0, -6*j = -5*c - 4*j + h. What is the tens digit of c?
9
Let t = 571 + 314. What is the units digit of t?
5
Let m = -10 + -1. Suppose -3*q + 4*s = 12, -4*q + 3*q = 3*s - 9. Let k = q - m. What is the tens digit of k?
1
Suppose 111647 + 121369 = 146*d. What is the units digit of d?
6
Suppose 3*p = 11*p - 3640. What is the tens digit of p?
5
Let w(m) = 5*m**3 - 9*m**2 - 4*m + 3. What is the tens digit of w(4)?
6
Suppose -306 = 4*v - 3*y - 1445, v - 286 = 2*y. Suppose v + 463 = 3*w. What is the units digit of w?
9
Let v be 1/(-1) + (-18)/(-6) - -159. Suppose 211 - 65 = 2*z - 2*m, -v = -2*z - 3*m. What is the units digit of z?
6
Let p be (-1 + 12/8)*-10. Let u(i) = -i**3 - i**2 + 4*i + 8. What is the tens digit of u(p)?
8
Suppose 4*c - 134*z - 23578 = -